{"id":3693,"date":"2025-01-05T16:03:12","date_gmt":"2025-01-05T16:03:12","guid":{"rendered":"https:\/\/determined-kepler.212-227-55-109.plesk.page\/?page_id=3693"},"modified":"2025-09-12T17:06:54","modified_gmt":"2025-09-12T17:06:54","slug":"sportanlage","status":"publish","type":"page","link":"https:\/\/fv-hafen.de\/?page_id=3693","title":{"rendered":"Sportanlage"},"content":{"rendered":"<div data-colibri-id=\"3693-c1\" class=\"style-757 style-local-3693-c1 position-relative\">\n  <!---->\n  <div data-colibri-component=\"section\" data-colibri-id=\"3693-c17\" id=\"overlappable\" class=\"h-section h-section-global-spacing d-flex align-items-lg-center align-items-md-center align-items-center style-1119 style-local-3693-c17 position-relative\">\n    <!---->\n    <!---->\n    <div class=\"h-section-grid-container h-section-boxed-container\">\n      <!---->\n      <div data-colibri-id=\"3693-c18\" class=\"h-row-container gutters-row-lg-0 gutters-row-md-0 gutters-row-0 gutters-row-v-lg-0 gutters-row-v-md-0 gutters-row-v-0 style-1120 style-local-3693-c18 position-relative\">\n        <!---->\n        <div class=\"h-row justify-content-lg-center justify-content-md-center justify-content-center align-items-lg-stretch align-items-md-stretch align-items-stretch gutters-col-lg-0 gutters-col-md-0 gutters-col-0 gutters-col-v-lg-0 gutters-col-v-md-0 gutters-col-v-0\">\n          <!---->\n          <div class=\"h-column h-column-container d-flex h-col-lg-auto h-col-md-auto h-col-auto style-1121-outer style-local-3693-c19-outer\">\n            <div data-colibri-id=\"3693-c19\" class=\"d-flex h-flex-basis h-column__inner h-ui-empty-state-container h-px-lg-0 h-px-md-0 h-px-0 v-inner-lg-0 v-inner-md-0 v-inner-0 style-1121 style-local-3693-c19 position-relative\">\n              <!---->\n              <!---->\n              <div class=\"w-100 h-y-container h-column__content h-column__v-align flex-basis-100\">\n                <!---->\n              <\/div>\n            <\/div>\n          <\/div>\n          <div class=\"h-column h-column-container d-flex h-col-lg-auto h-col-md-auto h-col-auto style-1122-outer style-local-3693-c20-outer\">\n            <div data-colibri-id=\"3693-c20\" class=\"d-flex h-flex-basis h-column__inner h-px-lg-2 h-px-md-2 h-px-2 v-inner-lg-2 v-inner-md-2 v-inner-2 style-1122 style-local-3693-c20 position-relative\">\n              <!---->\n              <!---->\n              <div class=\"w-100 h-y-container h-column__content h-column__v-align flex-basis-100 align-self-lg-center align-self-md-center align-self-center\">\n                <!---->\n                <div data-colibri-id=\"3693-c22\" class=\"h-text h-text-component style-1124 style-local-3693-c22 position-relative h-element\">\n                  <!---->\n                  <!---->\n                  <div class=\"\">\n                    <p>Unser Sportplatz befindet sich auf der Saalhausener Stra\u00dfe, genau hinter dem Kaufland am ehemaligen Bahnhof Nau\u00dflitz.<\/p>\n                    <p>Im Fr\u00fchjahr 2021 wurde unser neues Vereinsgeb\u00e4ude fertiggestellt. Auch der Platz wurde umfangreich saniert und ist nunmehr einer der modernsten Kunstrasenpl\u00e4tze in Dresden. Auch eine Zuschauertrib\u00fcne w\u00fcrde installiert.<\/p>\n                    <p>Zus\u00e4tzlich kann der Verein seit der Saison 2019\/2020 auf das Vereinsgel\u00e4nde an der \u201eLeutewitzer Windm\u00fchle\u201c ausweichen.<\/p>\n                    <p>Die aktuelle Spielst\u00e4tte der jeweiligen Mannschaft findet ihr unter den Rubriken \u201eM\u00e4nner\u201c und \u201eJugend\u201c.<\/p>\n                    <p>Die Sportanlage ist sehr gut mit dem \u00f6ffentlichen Verkehrsmitteln zu erreichen. Die Linien 6 und 7 verkehren bis zum Haltepunkt \u201eKoblenzer Stra\u00dfe\u201c. Parkm\u00f6glichkeiten sind vor dem Vereinsgeb\u00e4ude oder auf dem Parkplatz vor dem Sportplatz\n                      ausreichend vorhanden.<\/p>\n                  <\/div>\n                <\/div>\n              <\/div>\n            <\/div>\n          <\/div>\n        <\/div>\n      <\/div>\n    <\/div>\n  <\/div>\n  <div data-colibri-component=\"section\" data-colibri-id=\"3693-c13\" id=\"photo-gallery\" class=\"h-section h-section-global-spacing d-flex align-items-lg-center align-items-md-center align-items-center style-796 style-local-3693-c13 position-relative\">\n    <!---->\n    <!---->\n    <div class=\"h-section-grid-container h-section-boxed-container\">\n      <!---->\n      <div data-colibri-id=\"3693-c14\" class=\"h-row-container gutters-row-lg-2 gutters-row-md-2 gutters-row-2 gutters-row-v-lg-2 gutters-row-v-md-2 gutters-row-v-2 style-797 style-local-3693-c14 position-relative\">\n        <!---->\n        <div class=\"h-row justify-content-lg-center justify-content-md-center justify-content-center align-items-lg-stretch align-items-md-stretch align-items-stretch gutters-col-lg-2 gutters-col-md-2 gutters-col-2 gutters-col-v-lg-2 gutters-col-v-md-2 gutters-col-v-2\">\n          <!---->\n          <div class=\"h-column h-column-container d-flex h-col-lg-auto h-col-md-auto h-col-auto style-798-outer style-local-3693-c15-outer\">\n            <div data-colibri-id=\"3693-c15\" class=\"d-flex h-flex-basis h-column__inner h-px-lg-2 h-px-md-2 h-px-2 v-inner-lg-2 v-inner-md-2 v-inner-2 style-798 style-local-3693-c15 position-relative\">\n              <!---->\n              <!---->\n              <div class=\"w-100 h-y-container h-column__content h-column__v-align flex-basis-100 align-self-lg-start align-self-md-start align-self-start\">\n                <!---->\n                <div data-colibri-component=\"masonry\" data-colibri-id=\"3693-c16\" class=\"h-photo-gallery margin-none caption-none style-799 style-local-3693-c16 position-relative h-element\">\n                  <!---->\n                  <div class=\"h-global-transition-all caption-wrapper-full\"><div id='colibri-3693-c16' class='gallery-wrapper'>    <style type=\"text\/css\">\n\n        @media (min-width: 1023px) {        #colibri-3693-c16        dl {\n            float: left;\n            width: 33.333333333333% !important;\n            max-width: 33.333333333333% !important;\n            min-width: 33.333333333333% !important;\n        }\n\n        #colibri-3693-c16        dl:nth-of-type(3n +1 ) {\n            clear: both;\n        }\n\n        }@media (min-width: 768px) and (max-width: 1023px) {        #colibri-3693-c16        dl {\n            float: left;\n            width: 33.333333333333% !important;\n            max-width: 33.333333333333% !important;\n            min-width: 33.333333333333% !important;\n        }\n\n        #colibri-3693-c16        dl:nth-of-type(3n +1 ) {\n            clear: both;\n        }\n\n        }@media (max-width: 767px) {        #colibri-3693-c16        dl {\n            float: left;\n            width: 50% !important;\n            max-width: 50% !important;\n            min-width: 50% !important;\n        }\n\n        #colibri-3693-c16        dl:nth-of-type(2n +1 ) {\n            clear: both;\n        }\n\n        }\n        #colibri-3693-c16        .gallery-item {\n            position: relative;\n        }\n\n        \n    <\/style>\n    <div   class='colibri-3693-c16-dls-wrapper gallery-items-wrapper' ><dl class='gallery-item masonry-item'>\n\t\t\t<dt class='gallery-icon landscape'>\n\t\t\t\t<a data-fancybox=\"colibri-3693-c16-group\" href='https:\/\/fv-hafen.de\/wp-content\/uploads\/2025\/01\/images.jpg'><img loading=\"lazy\" decoding=\"async\"  width=\"300\" height=\"168\" src=\"https:\/\/fv-hafen.de\/wp-content\/uploads\/2025\/01\/images.jpg\"  class='colibri-3693-c16-image' alt=\"\" \/><\/a>\n\t\t\t<\/dt><\/dl><dl class='gallery-item masonry-item'>\n\t\t\t<dt class='gallery-icon landscape'>\n\t\t\t\t<a data-fancybox=\"colibri-3693-c16-group\" href='https:\/\/fv-hafen.de\/wp-content\/uploads\/2025\/01\/IMG_8633-1240x698-1.jpg'><img loading=\"lazy\" decoding=\"async\"  width=\"300\" height=\"169\" src=\"https:\/\/fv-hafen.de\/wp-content\/uploads\/2025\/01\/IMG_8633-1240x698-1-300x169.jpg\"  class='colibri-3693-c16-image' alt=\"\" srcset=\"https:\/\/fv-hafen.de\/wp-content\/uploads\/2025\/01\/IMG_8633-1240x698-1-300x169.jpg 300w, https:\/\/fv-hafen.de\/wp-content\/uploads\/2025\/01\/IMG_8633-1240x698-1-1024x576.jpg 1024w, https:\/\/fv-hafen.de\/wp-content\/uploads\/2025\/01\/IMG_8633-1240x698-1-768x432.jpg 768w, https:\/\/fv-hafen.de\/wp-content\/uploads\/2025\/01\/IMG_8633-1240x698-1.jpg 1240w\" sizes=\"auto, (max-width: 300px) 100vw, 300px\" \/><\/a>\n\t\t\t<\/dt><\/dl><dl class='gallery-item masonry-item'>\n\t\t\t<dt class='gallery-icon landscape'>\n\t\t\t\t<a data-fancybox=\"colibri-3693-c16-group\" href='https:\/\/fv-hafen.de\/wp-content\/uploads\/2025\/01\/IMG_8636-1240x698-1.jpg'><img loading=\"lazy\" decoding=\"async\"  width=\"300\" height=\"169\" src=\"https:\/\/fv-hafen.de\/wp-content\/uploads\/2025\/01\/IMG_8636-1240x698-1-300x169.jpg\"  class='colibri-3693-c16-image' alt=\"\" srcset=\"https:\/\/fv-hafen.de\/wp-content\/uploads\/2025\/01\/IMG_8636-1240x698-1-300x169.jpg 300w, https:\/\/fv-hafen.de\/wp-content\/uploads\/2025\/01\/IMG_8636-1240x698-1-1024x576.jpg 1024w, https:\/\/fv-hafen.de\/wp-content\/uploads\/2025\/01\/IMG_8636-1240x698-1-768x432.jpg 768w, https:\/\/fv-hafen.de\/wp-content\/uploads\/2025\/01\/IMG_8636-1240x698-1.jpg 1240w\" sizes=\"auto, (max-width: 300px) 100vw, 300px\" \/><\/a>\n\t\t\t<\/dt><\/dl><dl class='gallery-item masonry-item'>\n\t\t\t<dt class='gallery-icon landscape'>\n\t\t\t\t<a data-fancybox=\"colibri-3693-c16-group\" href='https:\/\/fv-hafen.de\/wp-content\/uploads\/2025\/01\/hafen1-1240x930-1.jpg'><img loading=\"lazy\" decoding=\"async\"  width=\"300\" height=\"225\" src=\"https:\/\/fv-hafen.de\/wp-content\/uploads\/2025\/01\/hafen1-1240x930-1-300x225.jpg\"  class='colibri-3693-c16-image' alt=\"\" srcset=\"https:\/\/fv-hafen.de\/wp-content\/uploads\/2025\/01\/hafen1-1240x930-1-300x225.jpg 300w, https:\/\/fv-hafen.de\/wp-content\/uploads\/2025\/01\/hafen1-1240x930-1-1024x768.jpg 1024w, https:\/\/fv-hafen.de\/wp-content\/uploads\/2025\/01\/hafen1-1240x930-1-768x576.jpg 768w, https:\/\/fv-hafen.de\/wp-content\/uploads\/2025\/01\/hafen1-1240x930-1.jpg 1240w\" sizes=\"auto, (max-width: 300px) 100vw, 300px\" \/><\/a>\n\t\t\t<\/dt><\/dl><dl class='gallery-item masonry-item'>\n\t\t\t<dt class='gallery-icon portrait'>\n\t\t\t\t<a data-fancybox=\"colibri-3693-c16-group\" href='https:\/\/fv-hafen.de\/wp-content\/uploads\/2025\/01\/hafen2-1240x1614-1.jpg'><img loading=\"lazy\" decoding=\"async\"  width=\"230\" height=\"300\" src=\"https:\/\/fv-hafen.de\/wp-content\/uploads\/2025\/01\/hafen2-1240x1614-1-230x300.jpg\"  class='colibri-3693-c16-image' alt=\"\" srcset=\"https:\/\/fv-hafen.de\/wp-content\/uploads\/2025\/01\/hafen2-1240x1614-1-230x300.jpg 230w, https:\/\/fv-hafen.de\/wp-content\/uploads\/2025\/01\/hafen2-1240x1614-1-787x1024.jpg 787w, https:\/\/fv-hafen.de\/wp-content\/uploads\/2025\/01\/hafen2-1240x1614-1-768x1000.jpg 768w, https:\/\/fv-hafen.de\/wp-content\/uploads\/2025\/01\/hafen2-1240x1614-1-1180x1536.jpg 1180w, https:\/\/fv-hafen.de\/wp-content\/uploads\/2025\/01\/hafen2-1240x1614-1.jpg 1240w\" sizes=\"auto, (max-width: 230px) 100vw, 230px\" \/><\/a>\n\t\t\t<\/dt><\/dl><dl class='gallery-item masonry-item'>\n\t\t\t<dt class='gallery-icon landscape'>\n\t\t\t\t<a data-fancybox=\"colibri-3693-c16-group\" href='https:\/\/fv-hafen.de\/wp-content\/uploads\/2025\/01\/20201229_150424-1536x1152-1.jpg'><img loading=\"lazy\" decoding=\"async\"  width=\"300\" height=\"225\" src=\"https:\/\/fv-hafen.de\/wp-content\/uploads\/2025\/01\/20201229_150424-1536x1152-1-300x225.jpg\"  class='colibri-3693-c16-image' alt=\"\" srcset=\"https:\/\/fv-hafen.de\/wp-content\/uploads\/2025\/01\/20201229_150424-1536x1152-1-300x225.jpg 300w, https:\/\/fv-hafen.de\/wp-content\/uploads\/2025\/01\/20201229_150424-1536x1152-1-1024x768.jpg 1024w, https:\/\/fv-hafen.de\/wp-content\/uploads\/2025\/01\/20201229_150424-1536x1152-1-768x576.jpg 768w, https:\/\/fv-hafen.de\/wp-content\/uploads\/2025\/01\/20201229_150424-1536x1152-1.jpg 1536w\" sizes=\"auto, (max-width: 300px) 100vw, 300px\" \/><\/a>\n\t\t\t<\/dt><\/dl><dl class='gallery-item masonry-item'>\n\t\t\t<dt class='gallery-icon landscape'>\n\t\t\t\t<a data-fancybox=\"colibri-3693-c16-group\" href='https:\/\/fv-hafen.de\/wp-content\/uploads\/2025\/01\/IMG_9740-1536x1152-1.jpg'><img loading=\"lazy\" decoding=\"async\"  width=\"300\" height=\"225\" src=\"https:\/\/fv-hafen.de\/wp-content\/uploads\/2025\/01\/IMG_9740-1536x1152-1-300x225.jpg\"  class='colibri-3693-c16-image' alt=\"\" srcset=\"https:\/\/fv-hafen.de\/wp-content\/uploads\/2025\/01\/IMG_9740-1536x1152-1-300x225.jpg 300w, https:\/\/fv-hafen.de\/wp-content\/uploads\/2025\/01\/IMG_9740-1536x1152-1-1024x768.jpg 1024w, https:\/\/fv-hafen.de\/wp-content\/uploads\/2025\/01\/IMG_9740-1536x1152-1-768x576.jpg 768w, https:\/\/fv-hafen.de\/wp-content\/uploads\/2025\/01\/IMG_9740-1536x1152-1.jpg 1536w\" sizes=\"auto, (max-width: 300px) 100vw, 300px\" \/><\/a>\n\t\t\t<\/dt><\/dl><dl class='gallery-item masonry-item'>\n\t\t\t<dt class='gallery-icon landscape'>\n\t\t\t\t<a data-fancybox=\"colibri-3693-c16-group\" href='https:\/\/fv-hafen.de\/wp-content\/uploads\/2025\/01\/IMG_9731-1536x1152-1.jpg'><img loading=\"lazy\" decoding=\"async\"  width=\"300\" height=\"225\" src=\"https:\/\/fv-hafen.de\/wp-content\/uploads\/2025\/01\/IMG_9731-1536x1152-1-300x225.jpg\"  class='colibri-3693-c16-image' alt=\"\" srcset=\"https:\/\/fv-hafen.de\/wp-content\/uploads\/2025\/01\/IMG_9731-1536x1152-1-300x225.jpg 300w, https:\/\/fv-hafen.de\/wp-content\/uploads\/2025\/01\/IMG_9731-1536x1152-1-1024x768.jpg 1024w, https:\/\/fv-hafen.de\/wp-content\/uploads\/2025\/01\/IMG_9731-1536x1152-1-768x576.jpg 768w, https:\/\/fv-hafen.de\/wp-content\/uploads\/2025\/01\/IMG_9731-1536x1152-1.jpg 1536w\" sizes=\"auto, (max-width: 300px) 100vw, 300px\" \/><\/a>\n\t\t\t<\/dt><\/dl>\n\t\t<\/div>\n<style>#colibri-3693-c16 .wp-caption-text.gallery-caption{display:none;}<\/style><\/div><\/div>\n                <\/div>\n              <\/div>\n            <\/div>\n          <\/div>\n        <\/div>\n      <\/div>\n    <\/div>\n  <\/div>\n<\/div>","protected":false},"excerpt":{"rendered":"<p>Unser Sportplatz befindet sich auf der Saalhausener Stra\u00dfe, genau hinter dem Kaufland am ehemaligen Bahnhof Nau\u00dflitz. Im Fr\u00fchjahr 2021 wurde unser neues Vereinsgeb\u00e4ude fertiggestellt. Auch der Platz wurde umfangreich saniert und ist nunmehr einer der modernsten Kunstrasenpl\u00e4tze in Dresden. Auch eine Zuschauertrib\u00fcne w\u00fcrde installiert. Zus\u00e4tzlich kann der Verein seit der Saison 2019\/2020 auf das Vereinsgel\u00e4nde [&hellip;]<\/p>\n","protected":false},"author":1,"featured_media":0,"parent":0,"menu_order":0,"comment_status":"closed","ping_status":"closed","template":"page-templates\/full-width-page.php","meta":{"footnotes":""},"class_list":["post-3693","page","type-page","status-publish","hentry"],"jetpack_sharing_enabled":true,"_links":{"self":[{"href":"https:\/\/fv-hafen.de\/index.php?rest_route=\/wp\/v2\/pages\/3693","targetHints":{"allow":["GET"]}}],"collection":[{"href":"https:\/\/fv-hafen.de\/index.php?rest_route=\/wp\/v2\/pages"}],"about":[{"href":"https:\/\/fv-hafen.de\/index.php?rest_route=\/wp\/v2\/types\/page"}],"author":[{"embeddable":true,"href":"https:\/\/fv-hafen.de\/index.php?rest_route=\/wp\/v2\/users\/1"}],"replies":[{"embeddable":true,"href":"https:\/\/fv-hafen.de\/index.php?rest_route=%2Fwp%2Fv2%2Fcomments&post=3693"}],"version-history":[{"count":3,"href":"https:\/\/fv-hafen.de\/index.php?rest_route=\/wp\/v2\/pages\/3693\/revisions"}],"predecessor-version":[{"id":4539,"href":"https:\/\/fv-hafen.de\/index.php?rest_route=\/wp\/v2\/pages\/3693\/revisions\/4539"}],"wp:attachment":[{"href":"https:\/\/fv-hafen.de\/index.php?rest_route=%2Fwp%2Fv2%2Fmedia&parent=3693"}],"curies":[{"name":"wp","href":"https:\/\/api.w.org\/{rel}","templated":true}]}}